**2 + 321*f - 57. Determine r(41).
-344
Let x(i) = i**3 - 24*i**2 + 162*i - 224. What is x(10)?
-4
Let q(j) = -7*j**3 + 32*j**2 - 11*j + 9. Determine q(4).
29
Let b(g) = -g**3 + 30*g**2 - 5*g + 22. Calculate b(3).
250
Let o(d) = 11*d**2 - 1109*d - 165. Give o(101).
37
Let w(d) = -7*d**2 - 34*d - 8. Determine w(-6).
-56
Let w(n) = -43*n + 30. Calculate w(2).
-56
Let f(s) = -341*s + 1341. What is f(4)?
-23
Let x(s) = 34*s + 15. What is x(7)?
253
Let q(t) = 59*t + 894. What is q(-12)?
186
Let d(b) = 9*b**2 - 76. Calculate d(-6).
248
Let p(l) = l**3 + 19*l**2 - 315*l + 248. Calculate p(10).
-2
Let g(d) = -d**3 + 10*d**2 + 4*d - 36. Give g(9).
81
Let u(n) = -n**2 - 205*n - 7527. What is u(-157)?
9
Let v(g) = -19*g**2 - 10*g + 41. Calculate v(2).
-55
Let o(l) = 110*l - 3726. Give o(34).
14
Let a(i) = -8*i + 421. Give a(64).
-91
Let i(l) = -95*l + 2949. Calculate i(31).
4
Let v(t) = -178*t - 1836. Calculate v(-10).
-56
Let s(k) = k**3 + 65*k**2 - 140*k - 430. Give s(-67).
-28
Let q(k) = 11*k - 307. Calculate q(25).
-32
Let n(v) = -549*v - 8233. Calculate n(-15).
2
Let i(f) = 64*f + 3450. Give i(-54).
-6
Let g(k) = k**3 + 33*k**2 + 188*k + 17. Give g(-7).
-25
Let o(a) = a**2 - 27*a + 156. Give o(18).
-6
Let g(w) = -16*w**2 + 755*w - 101. Calculate g(47).
40
Let a(y) = -80*y - 41. Give a(-2).
119
Let h(g) = -g**3 - 4*g**2 + 16*g + 76. What is h(-3)?
19
Let s(d) = d**3 - 36*d**2 - 77*d + 2774. Calculate s(36).
2
Let c(i) = -5876*i + 176277. Determine c(30).
-3
Let d(u) = 678*u - 9501. What is d(14)?
-9
Let y(l) = 19*l**2 + 267*l - 18. Give y(-14).
-32
Let t(k) = -66*k + 185. What is t(6)?
-211
Let y(i) = -i**2 + 432*i - 1726. Determine y(4).
-14
Let l(n) = -n**2 + 15*n - 63. What is l(9)?
-9
Let g(v) = -386*v - 15443. Give g(-40).
-3
Let u(m) = 4*m**2 + 65*m. Calculate u(-16).
-16
Let d(m) = m**2 - 19184*m + 153393. What is d(8)?
-15
Let n(k) = -k**2 + 18*k - 9. Give n(0).
-9
Let p(y) = y**3 + 4*y**2 - 62*y - 148. What is p(-7)?
139
Let s(a) = 455*a**3 - 2*a**2 - a - 1. Calculate s(-1).
-457
Let v(h) = -39*h - 158. Calculate v(-4).
-2
Let r(l) = -38*l + 309. What is r(9)?
-33
Let o(d) = 5*d**2 - 62*d + 164. Determine o(6).
-28
Let k(t) = t**3 - 21*t**2 + 55*t - 799. Determine k(20).
-99
Let f(j) = -j**3 - 12*j**2 + 36*j + 435. What is f(-12)?
3
Let x(o) = -2*o**3 + 19*o**2 + 5*o - 67. What is x(9)?
59
Let f(w) = w**3 + 89*w**2 - 86*w + 258. What is f(-90)?
-102
Let l(u) = -1172*u - 118379. What is l(-101)?
-7
Let w(m) = -16*m + 51. Determine w(-12).
243
Let w(y) = -368*y - 2332. Calculate w(-6).
-124
Let o(i) = -4*i**2 - 442*i + 2803. Give o(6).
7
Let k(p) = p**3 - 15*p**2 - 20*p - 252. Determine k(17).
-14
Let w(s) = -3*s**2 - 78*s + 64. Determine w(-32).
-512
Let v(d) = 409*d + 31487. What is v(-77)?
-6
Let c(d) = -2583*d - 41329. Give c(-16).
-1
Let w(i) = -i**2 - 148*i + 765. Give w(5).
0
Let o(v) = -21*v**2 - 827*v + 6387. What is o(-46)?
-7
Let y(b) = -b**2 + 714*b + 25447. Calculate y(-34).
15
Let q(o) = o**3 - 13*o**2 - 12*o + 19. Determine q(13).
-137
Let w(h) = h**3 - 9*h**2 - 22*h + 174. Give w(8).
-66
Let u(i) = 16*i + 855. Give u(-55).
-25
Let r(u) = -366*u + 1915. What is r(5)?
85
Let j(o) = -586*o + 29871. What is j(51)?
-15
Let d(h) = h**3 + 12*h**2 + 20*h - 42. What is d(-9)?
21
Let c(q) = -q**2 - 79*q + 5595. Calculate c(45).
15
Let n(u) = 19*u - 521. Give n(26).
-27
Let v(b) = -12*b**3 - 24*b**2 - 33*b - 11. Determine v(-1).
10
Let o(q) = -12*q**2 - 30*q + 137. What is o(6)?
-475
Let y(g) = g**2 + 86*g + 1821. Calculate y(-53).
72
Let m(w) = -2*w**3 + 17*w**2 - 22*w - 48. Determine m(10).
-568
Let r(b) = -11*b**2 + 73*b - 4. Give r(7).
-32
Let z(a) = -a**3 + 26*a**2 - 122*a - 211. What is z(19)?
-2
Let p(n) = n**2 + 19*n - 9021. Calculate p(-105).
9
Let v(g) = -2*g**3 - 32*g**2 + 2*g + 20. Calculate v(-16).
-12
Let c(i) = 30*i - 518. Calculate c(16).
-38
Let c(f) = f**3 - 50*f**2 + 570*f + 107. What is c(18)?
-1
Let p(h) = 2*h**2 + 102*h + 615. Determine p(-44).
-1
Let m(g) = -47*g**2 - 987*g + 6. Determine m(-21).
6
Let l(w) = -w**2 - 39*w - 281. Give l(-29).
9
Let o(v) = -v**2 + 190*v - 2483. Give o(14).
-19
Let z(s) = s**2 - 322*s - 1931. Calculate z(-6).
37
Let a(o) = -2*o**3 - 9*o**2 + 157*o + 746. Determine a(-5).
-14
Let a(q) = -q**3 + 19*q**2 - 26*q - 109. Give a(17).
27
Let l(p) = -2*p**3 + 3*p**2 - 7*p + 20. What is l(3)?
-28
Let b(h) = h**2 + 694*h + 5486. What is b(-8)?
-2
Let q(w) = -11329*w + 56651. What is q(5)?
6
Let v(i) = 6*i**2 + 307*i - 135. Calculate v(-51).
-186
Let d(t) = -2*t**2 + 13*t + 481. Give d(0).
481
Let s(m) = 25*m**2 + 572*m - 67. Give s(-23).
2
Let v(x) = -x**2 + 170*x - 3376. Calculate v(23).
5
Let w(d) = d**3 - 8*d**2 + 47*d - 294. Determine w(7).
-14
Let b(y) = -2*y**3 + 30*y**2 + 12*y + 324. Calculate b(16).
4
Let f(y) = 151*y + 6336. What is f(-42)?
-6
Let u(w) = -5*w**3 + 22*w**2 + 17*w + 5. Calculate u(5).
15
Let r(g) = g**3 - 7*g**2 + 4*g - 50. Give r(7).
-22
Let g(q) = q**2 - 71*q - 304. What is g(-7)?
242
Let k(g) = 2*g**3 - 215*g**2 - 330*g + 315. Give k(109).
-12
Let x(n) = n**2 + 88*n - 9311. What is x(-150)?
-11
Let g(z) = z**3 - 9*z**2 - 82*z + 157. What is g(14)?
-11
Let m(g) = -2*g**3 + 43*g**2 + 169*g + 168. Calculate m(25).
18
Let o(l) = -59*l**2 + 10*l - 24. Give o(2).
-240
Let h(l) = 2*l**2 + 21*l - 141. What is h(7)?
104
Let p(y) = 3*y**2 + 185*y - 533. Calculate p(3).
49
Let s(l) = -407*l**2 - 7732*l + 28. Calculate s(-19).
9
Let b(r) = -2*r**2 - 247*r + 1857. What is b(7)?
30
Let x(s) = -15*s - 288. Determine x(-22).
42
Let b(k) = -44*k**2 - 206*k - 17. What is b(-5)?
-87
Let j(r) = -r**3 + 13*r**2 + 10*r + 23. Determine j(14).
-33
Let b(c) = 6*c**2 + 3*c + 32. What is b(4)?
140
Let r(s) = 3*s**3 - 44*s**2 + 67*s + 3. Give r(13).
29
Let v(m) = -20*m**2 + 427*m + 27. Calculate v(22).
-259
Let n(m) = -200*m**2 - 595*m + 9. Determine n(-3).
-6
Let i(b) = -13*b**3 - 17*b + 33. Calculate i(2).
-105
Let n(d) = -d**2 - 244*d - 1208. Determine n(-5).
-13
Let s(h) = 165*h + 1098. What is s(-6)?
108
Let c(n) = 60*n**2 - 6960*n - 59. Give c(116).
-59
Let f(x) = -x**3 - 22*x**2 + 10*x - 151. Determine f(-23).
148
Let d(o) = 7*o**2 + 57*o - 23. Give d(-6).
-113
Let x(l) = -3*l**3 + 96*l**2 - 3*l + 110. Give x(32).
14
Let u(d) = -2*d**2 + 26*d + 170. What is u(18)?
-10
Let j(c) = 356*c**2 - 2*c - 13. What is j(-2)?
1415
Let m(z) = 34*z - 197. Determine m(6).
7
Let i(f) = -2*f**2 + 83*f - 312. Calculate i(33).
249
Let j(d) = 16*d - 505. Give j(32).
7
Let z(v) = 3731*v + 5. Give z(0).
5
Let x(o) = -1347*o - 6730. Determine x(-5).
5
Let m(c) = 29*c - 466. Determine m(18).
56
Let i(g) = -16*g**3 + 32*g**2 - 17*g + 35. Calculate i(2).
1
Let k(x) = 3*x**3 - 229*x**2 - 1399*x + 416. Calculate k(82).
6
Let v(i) = i**3 - 39*i + 1. Calculate v(-7).
-69
Let y(b) = 3*b**2 - 98*b - 82. Give y(34).
54
Let a(u) = -10*u**3 + 47*u**2 + 12*u - 5. What is a(5)?
-20
Let g(l) = 159*l + 35290. Give g(-222).
-8
Let t(p) = p**3 - 24*p**2 + 144*p + 89. What is t(15)?
224
Let a(k) = 3*k**3 - 62*k**2 - 18*k - 52. Determine a(21).
11
Let s(i) = 48*i - 177. Determine s(4).
15
Let z(r) = r**3 + 15*r**2 + 40*r + 216. What is z(-13)?
34
Let h(a) = -9*a**2 + 63*a + 160. Calculate h(9).
-2
Let a(j) = -458*j + 29775. Give a(65).
5
Let b(y) = 2*y**3 + 4*y**2 + 204*y + 893. Calculate b(-4).
13
Let z(m) = -m**3 - 21*m**2 - 118*m - 2489. Calculate z(-21).
-11
Let r(c) = c**2 - 58*c - 1739. Calculate r(-23).
124
Let w(p) = -p**2 - 133*p + 3036. Determine w(20).
-24
Let z(n) = -22*n - 448. What is z(-20)?
-8
Let k(j) = -j**3 - 12*j**2 - 14*j - 18. What is k(-9)?
-135
Let d(v) = -v**2 - 84*v + 280. Calculate d(-87).
19
Let i(t) = t**3 - 28*t**2 + 77*t - 41. Calculate i(25).
9
Let v(m) = -m**3 - 31*m**2 + 30*m - 108. Calculate v(-32).
-44
Let u(k) = -k**3 + 3*k**2 + 127*k + 248. What is u(-2)?
14
Let h(m) = -3*m**2 + 45*m - 7. Determine h(0).
-7
Let l(h) = 3*h**3 + 89*h**2 - 25*h + 146. Determine l(-30).
-4
Let r(f) = f**2 - 177*f + 2993. What is r(19)?
-9
Let c(a) = -20185*a + 100929. Give c(5).
4
Let s(u) = -25*u**2 - 350*u - 7. Give s(-14).
-7
Let h(d) = d**2 - 18*d - 13. What is h(17)?
-30
Let q(t) = -2*t**2 - 51*t - 274. Determine q(-7).
-15
Let z(g) = -g**3 - 55*g**2 - 703*g - 64. Give z(-20).
-4
Let l(k) = -k**3 - 26*k**2